55 is divided by 188.
67
Calculate the remainder when 107773 is divided by 13470.
13
What is the remainder when 5445 is divided by 1360?
5
What is the remainder when 1851 is divided by 611?
18
Calculate the remainder when 3765 is divided by 1224.
93
What is the remainder when 131668 is divided by 210?
208
Calculate the remainder when 947 is divided by 458.
31
Calculate the remainder when 1442110 is divided by 437.
10
What is the remainder when 3149 is divided by 319?
278
What is the remainder when 133630 is divided by 512?
510
Calculate the remainder when 84420 is divided by 6491.
37
What is the remainder when 368 is divided by 269?
99
What is the remainder when 88600 is divided by 377?
5
Calculate the remainder when 772468 is divided by 135.
133
What is the remainder when 5641 is divided by 5628?
13
Calculate the remainder when 1459328 is divided by 84.
80
Calculate the remainder when 156471 is divided by 6.
3
What is the remainder when 235431 is divided by 2331?
0
What is the remainder when 18447 is divided by 18436?
11
What is the remainder when 26514 is divided by 3455?
2329
What is the remainder when 358 is divided by 58?
10
What is the remainder when 7399 is divided by 483?
154
What is the remainder when 6278 is divided by 308?
118
What is the remainder when 715 is divided by 314?
87
Calculate the remainder when 6248 is divided by 1859.
671
What is the remainder when 6680 is divided by 6520?
160
What is the remainder when 21206 is divided by 20997?
209
Calculate the remainder when 33089 is divided by 34.
7
What is the remainder when 123520 is divided by 30877?
12
Calculate the remainder when 523641 is divided by 11.
8
What is the remainder when 20133 is divided by 4025?
8
What is the remainder when 3732 is divided by 107?
94
Calculate the remainder when 201705 is divided by 4.
1
Calculate the remainder when 10915 is divided by 3.
1
Calculate the remainder when 5653 is divided by 76.
29
What is the remainder when 14656 is divided by 4881?
13
Calculate the remainder when 28765 is divided by 28759.
6
Calculate the remainder when 2647 is divided by 1830.
817
What is the remainder when 2417 is divided by 772?
101
Calculate the remainder when 3339 is divided by 183.
45
Calculate the remainder when 88886 is divided by 157.
24
What is the remainder when 23965 is divided by 7974?
43
What is the remainder when 952 is divided by 465?
22
What is the remainder when 802 is divided by 779?
23
Calculate the remainder when 2765 is divided by 553.
0
Calculate the remainder when 2087 is divided by 687.
26
Calculate the remainder when 4080 is divided by 4018.
62
Calculate the remainder when 15984 is divided by 1.
0
Calculate the remainder when 5842 is divided by 80.
2
What is the remainder when 275671 is divided by 14?
11
Calculate the remainder when 2458 is divided by 353.
340
What is the remainder when 2496 is divided by 840?
816
Calculate the remainder when 91711 is divided by 264.
103
What is the remainder when 40285 is divided by 2369?
12
What is the remainder when 70723 is divided by 107?
103
Calculate the remainder when 208719 is divided by 129.
126
Calculate the remainder when 435318 is divided by 408.
390
Calculate the remainder when 13830 is divided by 1152.
6
Calculate the remainder when 35547 is divided by 593.
560
Calculate the remainder when 460 is divided by 144.
28
Calculate the remainder when 14769 is divided by 4915.
24
What is the remainder when 32096 is divided by 15897?
302
What is the remainder when 321132 is divided by 160546?
40
What is the remainder when 12717 is divided by 190?
177
What is the remainder when 267 is divided by 56?
43
Calculate the remainder when 152097 is divided by 24.
9
Calculate the remainder when 1329 is divided by 672.
657
Calculate the remainder when 1170234 is divided by 5.
4
What is the remainder when 17556 is divided by 169?
149
What is the remainder when 31668 is divided by 10549?
21
What is the remainder when 4355 is divided by 556?
463
What is the remainder when 3909 is divided by 60?
9
What is the remainder when 17827 is divided by 4414?
171
What is the remainder when 121678 is divided by 40?
38
What is the remainder when 136428 is divided by 255?
3
What is the remainder when 29925 is divided by 63?
0
What is the remainder when 4553 is divided by 76?
69
What is the remainder when 330966 is divided by 44?
42
Calculate the remainder when 3545 is divided by 21.
17
Calculate the remainder when 2164 is divided by 79.
31
What is the remainder when 50796 is divided by 529?
12
What is the remainder when 35149 is divided by 7029?
4
What is the remainder when 1337 is divided by 9?
5
What is the remainder when 3264 is divided by 53?
31
Calculate the remainder when 7195 is divided by 2394.
13
What is the remainder when 57205 is divided by 57198?
7
Calculate the remainder when 15173 is divided by 17.
9
What is the remainder when 9292 is divided by 1858?
2
Calculate the remainder when 23204 is divided by 161.
20
What is the remainder when 1235 is divided by 181?
149
Calculate the remainder when 162431 is divided by 12.
11
Calculate the remainder when 254003 is divided by 183.
182
What is the remainder when 152101 is divided by 325?
1
What is the remainder when 56288 is divided by 45?
38
What is the remainder when 844273 is divided by 3608?
1
Calculate the remainder when 29702 is divided by 16.
6
Calculate the remainder when 28019 is divided by 13961.
97
What is the remainder when 1589 is divided by 325?
289
What is the remainder when 199625 is divided by 199623?
2
Calculate the remainder when 511058 is divided by 404.
402
What is the remainder when 4170198 is divided by 17?
13
Calculate the remainder when 49540 is divided by 1981.
15
Calculate the remainder when 8052 is divided by 2102.
1746
What is the remainder when 693638 is divided by 333?
332
Calculate the remainder when 135694 is divided by 1330.
34
Calculate the remainder when 35232 is divided by 49.
1
What is the remainder when 502998 is divided by 250?
248
What is the remainder when 59455 is divided by 753?
721
What is the remainder when 10482 is divided by 5215?
52
Calculate the remainder when 911849 is divided by 46.
37
Calculate the remainder when 4969 is divided by 94.
81
Calculate the remainder when 854238 is divided by 11094.
0
What is the remainder when 11276 is divided by 11262?
14
What is the remainder when 3990 is divided by 1988?
14
What is the remainder when 725893 is divided by 14233?
10
Calculate the remainder when 13480 is divided by 1503.
1456
What is the remainder when 166053 is divided by 407?
404
What is the remainder when 2163 is divided by 751?
661
Calculate the remainder when 5586 is divided by 302.
150
What is the remainder when 5693 is divided by 271?
2
Calculate the remainder when 19731 is divided by 32.
19
What is the remainder when 326 is divided by 80?
6
What is the remainder when 29455 is divided by 1408?
1295
What is the remainder when 373 is divided by 204?
169
Calculate the remainder when 260374 is divided by 45.
4
Calculate the remainder when 609788 is divided by 46.
12
What is the remainder when 3515 is divided by 159?
17
What is the remainder when 139541 is divided by 218?
21
What is the remainder when 16279 is divided by 1571?
569
What is the remainder when 21500 is divided by 378?
332
What is the remainder when 116855 is divided by 1391?
11
What is the remainder when 2260998 is divided by 952?
950
Calculate the remainder when 87778 is divided by 209.
207
Calculate the remainder when 2028 is divided by 29.
27
Calculate the remainder when 51423 is divided by 32.
31
Calculate the remainder when 297816 is divided by 475.
466
What is the remainder when 430365 is divided by 3096?
21
Calculate the remainder when 227627 is divided by 26.
23
What is the remainder when 9640 is divided by 132?
4
Calculate the remainder when 149340 is divided by 40.
20
What is the remainder when 1366 is divided by 271?
11
Calculate the remainder when 851562 is divided by 488.
2
What is the remainder when 26068 is divided by 138?
124
What is the remainder when 8798 is divided by 76?
58
Calculate the remainder when 4312 is divided by 125.
62
Calculate the remainder when 36696 is divided by 2822.
10
Calculate the remainder when 473232 is divided by